{"id":174,"date":"2024-03-02T10:45:30","date_gmt":"2024-03-02T10:45:30","guid":{"rendered":"https:\/\/nathaliebekhouche.fr\/?page_id=174"},"modified":"2024-03-12T20:57:55","modified_gmt":"2024-03-12T20:57:55","slug":"cv","status":"publish","type":"page","link":"https:\/\/nathaliebekhouche.fr\/?page_id=174","title":{"rendered":"CV"},"content":{"rendered":"\n<div class=\"wp-block-group alignwide is-layout-constrained wp-block-group-is-layout-constrained\"><div class=\"wp-block-group__inner-container\">\n<p class=\"has-small-font-size\" style=\"font-style:normal;font-weight:300\"><strong>EXPOSITIONS PERSONNELLES<\/strong><br><strong>2023<\/strong> <br><em><strong>Le m\u00e9tier \u00e0 tisser Jacques Anquetil<\/strong><\/em>, performance r\u00e9alis\u00e9e pour le cycle de performance de F\u00f6hn, Espace Continuum, Bordeaux<br><strong>2022<\/strong> <br><em><strong>Edad de Mitologia<\/strong><\/em>, restitutions de r\u00e9sidence avec les Alliances Fran\u00e7aises de Tlaxcala, Toluca et Zacatecas, Mexique<br><em><strong>Quand on s&rsquo;appelle Anquetil<\/strong><\/em>, reste plus qu&rsquo;\u00e0 faire du v\u00e9lo, restitution de fin de r\u00e9sidence \u00e0 la Galerie \u00e9ph\u00e9m\u00e8re du Bel Ordinaire, Pau<br><strong>2021<\/strong> <br><em><strong>Le Cauchemar de William Morris<\/strong><\/em>, Vitrines du collectif Open It, Nantes<br><em><strong>Les ornements du Moulin<\/strong><\/em>, exposition de fin de r\u00e9sidence, Moulin Gautron, Vertou<br><em><strong>A Global Pattern<\/strong><\/em>, Galerie du lyc\u00e9e, Lyc\u00e9e Notre Dame, Challans<br><strong>2020<\/strong> <br><em><strong>From the City to the Sea<\/strong><\/em>, le Hublot d&rsquo;Irvy, Ivry-sur -Seine<br><strong>2019<\/strong> <br><em><strong>METIERS X TISSER<\/strong><\/em>, Galerie du Lyc\u00e9e Notre Dame de Rez\u00e9, Rez\u00e9<br><strong>2018 <\/strong><br><em><strong>Ce que Jacques Anquetil nous a transmis<\/strong><\/em>, Galerie Gepetto et v\u00e9lo, Paris Ve arr.<\/p>\n\n\n\n<p><\/p>\n\n\n\n<p class=\"has-small-font-size\" style=\"font-style:normal;font-weight:300\"><strong>EXPOSITIONS COLLECTIVES<\/strong><br><strong>2023<\/strong> <br><em><strong>Des objets \u00e9tranges<\/strong><\/em>, exposition \u00e0 l&rsquo;Atelier Le Bras, avec le collectif 8h30, Nantes<br><em><strong>Un \u00e9t\u00e9 \u00e0 Bergesserin<\/strong><\/em>, avec l&rsquo;association ABRACA, Bergesserin<br><strong>2022 <\/strong><br><em><strong>Le Paysage selon des normands<\/strong><\/em>, restitution de fin de r\u00e9sidence Cr\u00e9ation en cours, Chaillou\u00e9<br><strong>2021 <\/strong><br><em><strong>Faire le mur<\/strong><\/em>, exposition aux Ateliers MilleFeuilles dans le cadre du WAVE, Nantes<br><strong>2019 <\/strong><br><em><strong>Le Grand Atelier : Sur le feu<\/strong><\/em>, exposition des artistes des Ateliers MilleFeuilles, 2019, Nantes<br><strong>2018 <\/strong><br><em><strong>Ba mu amee yaa ko fekke<\/strong><\/em>, suite de l&rsquo;exposition, au mus\u00e9e d&rsquo;Angoul\u00eame, Angoul\u00eame<br><em><strong>Habiter la fronti\u00e8re<\/strong><\/em>, exposition des dipl\u00f4m\u00e9s 2017 de l&rsquo;EESI, le Confort Moderne, Poitiers<br><em><strong>Ba mu amee yaa ko fekke<\/strong><\/em>, exposition en partenariat avec l&rsquo;IFAN, l&rsquo;ISAC et l&rsquo;EESI dans le cadre de la 13e Biennale d&rsquo;Art contemporain de Dakar, Dakar<br><strong>2017 <\/strong><br><em><strong>Les colosses aux mains d&rsquo;argiles<\/strong><\/em>, exposition aux Ateliers de l&rsquo;EESI dans le cadre du festival les Rencontres Foucaults, Poitiers<br>Exposition des \u00e9tudiants de DNSEP de l\u2019EESI, FRAC Poitou-Charentes, Linazay<br><strong>2016 <\/strong><br>Exposition des \u00e9tudiants de l\u2019EESI et d\u2019une s\u00e9lection d\u2019\u0153uvres de la collection du FRAC Poitou-Charentes, FRAC Poitou-Charentes, Linazay<br><em><strong>Leather Lace Metal and Glass<\/strong><\/em>, exposition et Art party des \u00e9tudiants de Fibre and Material<br>Practices, Matahari Loft, Montr\u00e9al<br><strong>2015 <\/strong><br><em><strong>Destruction\/Production<\/strong><\/em>, \u00c9cole europ\u00e9enne sup\u00e9rieure de l\u2019image, Poitiers<\/p>\n\n\n\n<p><\/p>\n\n\n\n<p class=\"has-small-font-size\" style=\"font-style:normal;font-weight:300\"><strong>COLLECTIONS PUBLIQUES<\/strong><br><strong>2021<\/strong> <br>Acquisition du Tissage Anquetil n\u00b01 par l&rsquo;artoth\u00e8que du Bel Ordinaire, suite \u00e0 une r\u00e9sidence de recherche et de cr\u00e9ation, Pau<br><strong>2020<\/strong> <br>Acquisition d&rsquo;un D\u00e9tiss\u00e9 par l&rsquo;artoth\u00e8que de l&rsquo;\u00e9cole des Beaux Arts Nantes \u2013 Saint-Nazaire, pour la collection Artdelivery<\/p>\n\n\n\n<p><\/p>\n\n\n\n<p class=\"has-small-font-size\" style=\"font-style:normal;font-weight:300\"><strong>RESIDENCES \/ ATELIERS<\/strong><br><strong>2023\/2024<\/strong> <br>&#8211; PEAC \u00e0 l&rsquo;\u00e9cole Gustave Roch, en partenariat avec le Mus\u00e9e du Vignoble Nantais, Aigrefeuille-sur-Maine<br><strong>2023<\/strong><br>&#8211; R\u00e9sidence TRANSAT des Ateliers M\u00e9dicis, en partenariat avec l&rsquo;Association Aurore Ren\u00e9 Coti, 14e arr. Paris<br>&#8211; R\u00e9sidence de recherche sur l&rsquo;invitation de l&rsquo;Agence Narrative, Felletin<br>&#8211; Workshop sur les pratiques artistiques textiles \u00e0 l&rsquo;EESI, Poitiers<br><strong>2022<\/strong><br>&#8211; R\u00e9sidence itin\u00e9rante de recherche et de cr\u00e9ation textile, les Alliances fran\u00e7aises du Mexique, Mexique<br>&#8211; R\u00e9sidence Cr\u00e9ation en cours, les Ateliers M\u00e9dicis, 6e \u00e9dition, recherche et ateliers avec les CM1-CM2, Chaillou\u00e9<br>&#8211; R\u00e9sidence de recherche au Bel Ordinaire, Pau<br><strong>2021<\/strong><br>&#8211; R\u00e9sidence \u00e0 l&rsquo;Atelier du Moulin Gautron, recherches et ateliers avec les enfants, Vertou<br>&#8211; R\u00e9sidence de recherche et de cr\u00e9ation Le Grand M\u00e9tier \u00e0 tisser et \u00e0 rouler, en collaboration avec les \u00e9l\u00e8ves de l&rsquo;option arts plastiques, au Lyc\u00e9e Notre Dame, Challans<br><strong>2020 \u2013 2023<\/strong><br>Interventions et ateliers au Lyc\u00e9e Notre Dame de Challans, et dans la classe pr\u00e9paratoire aux \u00e9coles sup\u00e9rieures d&rsquo;arts (CPES Challans) avec les \u00e9tudiants, Lyc\u00e9e Notre Dame, Challans<br><strong>2019 \u2013 2020<\/strong> <br>Plasticienne au lyc\u00e9e, Lyc\u00e9e Notre Dame de Rez\u00e9, Rez\u00e9<\/p>\n\n\n\n<p><\/p>\n\n\n\n<p class=\"has-small-font-size\" style=\"font-style:normal;font-weight:300\"><strong>PUBLICATIONS (s\u00e9lection)<\/strong><br><strong>2023<\/strong> <br>Article sur le site de F\u00f6hn<br><strong>2022<\/strong> <br>Articles sur les sites des Ateliers M\u00e9dicis et du Bel Ordinaire<br><strong>2018<\/strong> <br>Catalogue de l&rsquo;exposition Habiter la Fronti\u00e8re, Confort Moderne<br>Article de presse pour l&rsquo;exposition <em>Ba mu amee yaa ko fekke<\/em> pour la 13e Biennale d&rsquo;art de Dakar<br><strong>2016<\/strong> <br><em>Le m\u00e9tier \u00e0 tisse<\/em>r, M\u00e9moire de DNSEP, \u00c9ESI, Poitiers<br>Article dans le catalogue Studio Arts MFA, Concordia University, Montr\u00e9al<\/p>\n\n\n\n<p class=\"has-small-font-size\" style=\"font-style:normal;font-weight:300\"><strong>FORMATION<br>2017 \u2013 2018 <\/strong><br>Voyage d\u2019\u00e9tude en collaboration avec l\u2019IFAN et l\u2019ISAC, Dakar<br><strong>2015 \u2013 2017 <\/strong><br>DNSEP avec mention, \u00c9cole europ\u00e9enne sup\u00e9rieure de l\u2019image, Poitiers<br><strong>2015 <\/strong><br>Semestre d\u2019\u00e9tude en Master of Fine Art \u00e0 Concordia University, section Fibre and Material Practices, Montr\u00e9al<br><strong>2012 \u2013 2015<\/strong> <br>DNAP, \u00c9cole europ\u00e9enne sup\u00e9rieure de l\u2019image, Poitiers<\/p>\n\n\n\n<p class=\"has-white-color has-text-color has-link-color wp-elements-d13f95dee5965d1ac3002978a8826fd3\">.<br>.<br>.<br>.<\/p>\n\n\n\n<p><\/p>\n<\/div><\/div>\n","protected":false},"excerpt":{"rendered":"<p>EXPOSITIONS PERSONNELLES2023 Le m\u00e9tier \u00e0 tisser Jacques Anquetil, performance r\u00e9alis\u00e9e pour le cycle de performance de F\u00f6hn, Espace Continuum, Bordeaux2022 Edad de Mitologia, restitutions de r\u00e9sidence avec les Alliances Fran\u00e7aises de Tlaxcala, Toluca et Zacatecas, MexiqueQuand on s&rsquo;appelle Anquetil, reste plus qu&rsquo;\u00e0 faire du v\u00e9lo, restitution de fin de r\u00e9sidence \u00e0 la Galerie \u00e9ph\u00e9m\u00e8re du [&hellip;]<\/p>\n","protected":false},"author":1,"featured_media":0,"parent":0,"menu_order":0,"comment_status":"closed","ping_status":"closed","template":"","meta":{"footnotes":""},"_links":{"self":[{"href":"https:\/\/nathaliebekhouche.fr\/index.php?rest_route=\/wp\/v2\/pages\/174"}],"collection":[{"href":"https:\/\/nathaliebekhouche.fr\/index.php?rest_route=\/wp\/v2\/pages"}],"about":[{"href":"https:\/\/nathaliebekhouche.fr\/index.php?rest_route=\/wp\/v2\/types\/page"}],"author":[{"embeddable":true,"href":"https:\/\/nathaliebekhouche.fr\/index.php?rest_route=\/wp\/v2\/users\/1"}],"replies":[{"embeddable":true,"href":"https:\/\/nathaliebekhouche.fr\/index.php?rest_route=%2Fwp%2Fv2%2Fcomments&post=174"}],"version-history":[{"count":6,"href":"https:\/\/nathaliebekhouche.fr\/index.php?rest_route=\/wp\/v2\/pages\/174\/revisions"}],"predecessor-version":[{"id":385,"href":"https:\/\/nathaliebekhouche.fr\/index.php?rest_route=\/wp\/v2\/pages\/174\/revisions\/385"}],"wp:attachment":[{"href":"https:\/\/nathaliebekhouche.fr\/index.php?rest_route=%2Fwp%2Fv2%2Fmedia&parent=174"}],"curies":[{"name":"wp","href":"https:\/\/api.w.org\/{rel}","templated":true}]}}